 n - 20. What are the prime factors of y?
2
Suppose 0 = 6*n - 216 + 6. List the prime factors of n.
5, 7
Suppose 2*i - 127 = -i + 5*r, 0 = -4*i - 2*r + 204. Suppose -i*a - 175 = -54*a. List the prime factors of a.
5, 7
Suppose k + v - 6 = 0, 4*k - 3*v = 5 - 2. Suppose -2*u + 454 = 4*z, 121 = z + u - k*u. What are the prime factors of z?
5, 23
Let x(i) = -i**3 + 11*i**2 - 15*i + 6. What are the prime factors of x(9)?
3, 11
Suppose 4*q + 5442 = 4*m + 7*q, 2*m = 3*q + 2730. What are the prime factors of m?
2, 3, 227
Let j = -25 + 29. Suppose -25 = -2*a - 3*h, -8*a + j*h + 97 = -3*a. List the prime factors of a.
17
Let y = 11 - 9. Let j(m) = -3*m - 1. Let d be j(-2). Suppose -u + 76 = 3*f - 84, y*f - 85 = -d*u. What are the prime factors of f?
5, 11
Let j = 5042 - 3000. What are the prime factors of j?
2, 1021
Let y(c) = 2*c + 16. Let n be y(8). Suppose -4*o + 313 - n = 5*l, 179 = 3*l + 5*o. List the prime factors of l.
53
Suppose 13*m = 16*m + 3*f - 222, 3*m - 4*f - 215 = 0. Let v(z) = -z**2 + 46. Let l be v(0). Let o = m - l. What are the prime factors of o?
3
Let y be (-8)/10*(-105)/14. Suppose y = -0*z + 2*z. List the prime factors of (-4 - -7)/(z/46).
2, 23
Let h = 1338 - 764. List the prime factors of h.
2, 7, 41
Suppose 0 = 3*z + 5*w + 2, 5 + 5 = -4*z - 3*w. What are the prime factors of (-2)/z + (141/6 - -3)?
3
What are the prime factors of (2/(-5))/(7/(-140770)*4)?
2011
Let s(g) = 7*g**2 - 11*g + 15. What are the prime factors of s(-9)?
3, 227
Let k(h) = -4*h + 68. Suppose -4*c - 7 + 19 = 3*q, -3*c = 5*q - 9. What are the prime factors of k(q)?
2, 17
Let a = 78 - -3347. What are the prime factors of a?
5, 137
Let t = 1091 - 492. What are the prime factors of t?
599
Let n(v) = v**3 + 9*v**2 - 11*v - 11. What are the prime factors of n(-8)?
3, 47
Let f(d) = -3*d + 4. Let i(r) = r - 2. Let x(j) = 4*f(j) + 9*i(j). Let a be x(-11). Let s = -12 + a. List the prime factors of s.
19
Let m(l) = l**3 - 24*l**2 + 6*l - 73. List the prime factors of m(25).
2, 3, 13
Suppose -f - 2*f = 5*h - 14, -4*f + 12 = 0. Let y be 2/h - (-5 - -6). What are the prime factors of ((y + -51)*-1)/2?
5
Let h(r) = 10*r**2 - 57*r - 20. List the prime factors of h(15).
5, 11
Let s(h) = 29*h**2 + 14*h - 132. List the prime factors of s(8).
2, 3, 17
Let f(u) = -2*u**3 + 3*u**2 + 6*u - 3. Let x be f(4). Let r be ((-6)/4 + 1)*-174. Let c = r + x. What are the prime factors of c?
2, 7
Let m = 7364 + -4979. List the prime factors of m.
3, 5, 53
Let m(p) = p**2 + 5*p + 1. Let c be m(-4). Let k(o) = -9*o + 3. Let u be k(c). Suppose -g - u = -2*g. What are the prime factors of g?
2, 3, 5
Let s(c) be the third derivative of 19*c**5/120 - c**4/24 - c**3/6 + 4*c**2. Let d(v) be the first derivative of s(v). List the prime factors of d(2).
37
Suppose -3*a - 2 - 12 = -4*k, 4*k - 26 = -3*a. Suppose -5*r = 3*d - 221, -95 = -a*d - r + 57. List the prime factors of d.
7, 11
Let q = -26 - -39. Let b = q - 4. List the prime factors of (14/(-4))/(b/(-90)).
5, 7
Let r = 323 + -221. List the prime factors of r.
2, 3, 17
What are the prime factors of (6/(-2))/(-3) + 6446/11?
587
Let t(y) = -170*y**3 + y**2 + 1. What are the prime factors of t(-1)?
2, 43
Let m = -323 + 632. Suppose m = -i + 4*i. What are the prime factors of i?
103
Let h = -97 + -193. What are the prime factors of (48/(-30))/(2*1/h)?
2, 29
What are the prime factors of (-239 - 0)/(8*(-19)/456)?
3, 239
Suppose -26*u + 33480 = -19222. What are the prime factors of u?
2027
Let f(s) = s. Let t(u) = -u**3 + 9*u**2 - 8*u + 2. Let y be t(8). Let g be f(y). Suppose g*r + 1 = 15. What are the prime factors of r?
7
Let y = -85 - -95. List the prime factors of y.
2, 5
Let d = 2039 - 1076. List the prime factors of d.
3, 107
Let r(d) = -5*d + 43. Let n be r(8). Suppose 15 = n*w, w - 21 = -5*c + 59. List the prime factors of c.
3, 5
Let t be 153/36 - 6/(-8). Suppose -3 = -b + k - 0*k, 0 = t*b - 4*k - 20. Let l(f) = 3*f + 24. What are the prime factors of l(b)?
2, 3
Let t be -166*(5/(-20) + 3/(-12)). Let v = 187 - t. What are the prime factors of v?
2, 13
Let z(i) = -22*i - 28. Let k(x) = 2*x**2 - x - 8. Let s be k(0). List the prime factors of z(s).
2, 37
Let z(r) = -r + 2. Let u be z(-3). Suppose u*h + 17 = b - 5, b = -h - 2. What are the prime factors of b/(-2)*-2 - -17?
19
Let r(m) = m**2 - 10*m + 5. Suppose -3*z + 7*z = 36. Let u be r(z). Let s(i) = -4*i - 4. What are the prime factors of s(u)?
2, 3
Suppose 3400 = 9*x - 4*x - 3*d, 3*d = -4*x + 2720. Suppose 2*u = 6*u - x. List the prime factors of u.
2, 5, 17
Let d = -3 - -5. Let v(i) = 13*i**3 - i**2 + 4*i - 4. What are the prime factors of v(d)?
2, 13
Suppose -2*r - 2*x + 120 = 0, r + 5*x - 48 = 4. Let b = 4 + r. List the prime factors of (3/(-6))/((-3)/b).
11
Let t(p) = -p**2 - 7*p - 10. Let g be t(-5). Suppose -k + 2 = -g. Suppose -44 = -k*j - 4*a, -27 = -j - 3*a - 0*a. List the prime factors of j.
2, 3
Suppose 3*d + 4*h = 511, -5*h = 5*d - 3*d - 329. What are the prime factors of d?
3, 59
Suppose -5*l = -4*n - 10346, -15*l + 8272 = -11*l - 2*n. What are the prime factors of l?
2, 1033
Suppose 30*t - 207 = 21*t. What are the prime factors of (-5)/(5/28)*(19 - t)?
2, 7
Let h(i) = -i**2 + 9*i + 6. Let a(p) = -p**2 + 2*p + 3. Let y be a(2). Suppose 0*u - 3*l - 29 = -5*u, -y*u + 31 = 5*l. What are the prime factors of h(u)?
2, 5
Suppose 3*p + 3357 = 612. Let j be p/(-105) - 2/(-7). List the prime factors of (j - 1)*(-56)/(-16).
2, 7
Suppose -6*u = -5836 + 2164. Suppose 2*f + 4*f = u. What are the prime factors of f?
2, 3, 17
Suppose -2*n = -3*i + 248, 4*n = 9*n + 3*i + 641. Let v = -84 - n. List the prime factors of v.
43
Let r(o) = o**2 + 8*o + 3. Let u be r(-8). Let c be (-136)/(-2) + u + -2. Suppose c + 3 = 2*x. List the prime factors of x.
2, 3
Let l(w) = -w**3 + 18*w**2 + 16*w - 22. Let z be l(19). Let c = 173 + z. List the prime factors of c.
2, 47
Suppose 0 = -15*q + 13312 + 488. List the prime factors of q.
2, 5, 23
Suppose 5*a = -3*o + 1353, -3*a - 2*a - 2*o + 1357 = 0. Suppose -23 = 5*p - a. What are the prime factors of p?
2, 5
Let y(o) = 5*o**2 + 5*o - 4. Let a(s) = -16*s**2 - 16*s + 12. Let t(x) = 2*a(x) + 7*y(x). List the prime factors of t(-3).
2, 7
Let a = -555 + 1084. What are the prime factors of a?
23
Let g(l) = 11*l**2 + 43*l - 4. Let a(k) = 4*k**2 + 14*k - 1. Let c(d) = 7*a(d) - 2*g(d). List the prime factors of c(-6).
5, 29
What are the prime factors of 5 + (-65)/15 - (-490)/3?
2, 41
Let u(b) = -4*b + 14 - 19 + 13. List the prime factors of u(-6).
2
Suppose 0 = -2*z - 5*m + 1285, -3*z - 311 = 3*m - 2252. List the prime factors of z.
2, 5, 13
Let m = 353 - -1743. List the prime factors of m.
2, 131
Suppose -4*n + 4*d + 336 = -n, -438 = -4*n + 2*d. Suppose 3*s - 40 = s - 4*m, -2*s - 3*m = -37. List the prime factors of n/s - 10/(-35).
2
Suppose -2*w = -2*d - 3038, 0*d = -2*d - 6. List the prime factors of w.
2, 379
Let m(p) = 2*p**3 - 11*p**2 - 5*p + 10. Let b(u) = u**2 + 11*u + 16. Let a be b(-10). What are the prime factors of m(a)?
2
Let o = 213 - 518. What are the prime factors of (-4)/(925/o + 3)?
2, 61
Suppose 3*u - u - 3*d - 591 = 0, d = -4*u + 1217. What are the prime factors of u?
3, 101
Let h be (64/48)/((-2)/(-42)). Let l be 288/h - 4/14. Suppose -6*i + l*i - 40 = 0. List the prime factors of i.
2, 5
Suppose 0 = 4*g - 1491 - 1817. What are the prime factors of g?
827
Let b = 86 - 89. List the prime factors of (-9)/((-54)/(-20))*162/b.
2, 3, 5
Suppose 4*r - 6232 = -876. What are the prime factors of r?
13, 103
Let p = -137 + 140. Suppose p*k + 535 + 649 = 5*t, 4*t - 943 = k. List the prime factors of t.
5, 47
Suppose -5*l = -0*l - 5*s - 5505, -2*l = -s - 2207. List the prime factors of l.
2, 7, 79
Let m(k) = -k**3 + 16*k**2 - 7*k - 10. Let t be m(15). Let g = t - 21. List the prime factors of g.
89
Suppose a + 8*a - 27 = 0. Suppose 0 = a*s - 12, 516 = 4*b + 3*s - 5*s. What are the prime factors of b?
131
Let m(c) = -14. Let r(p) = p**3 + 13*p**2 - p - 8. Let x be r(-13). Let g(a) = a + 13. Let y(h) = x*m(h) + 4*g(h). List the prime factors of y(12).
2, 3, 5
Let a = 300 + -31. What are the prime factors of a?
269
Suppose -5*j = 10, -5*s - 2*j + 3185 = -251. List the prime factors of s.
2, 43
Suppose -4*c - 20 = 0, -5*c + 34 = 4*y + 3. Let s(a) = 19*a - 92.